3. Let h be -5 + g + (-3)/(-3). Suppose -738 = 2*f - h*f. List the prime factors of f.
2, 41
Let j(q) = q**3 - 10*q**2 + 20*q - 2. Let n be j(9). Let o = n + 16. List the prime factors of o.
113
Let w be 24/32 - (153/12 + -5). List the prime factors of (-22800)/(-56) - 6/w.
2, 3, 17
Suppose -17*d + 14*d + 235305 = 4*d. List the prime factors of d.
3, 5, 83
Suppose 9*o - 42*o = -142805 - 230887. List the prime factors of o.
2, 19, 149
What are the prime factors of (-270)/180 - (-1279)/2?
2, 11, 29
Suppose -32*d - 49967 = -242447. What are the prime factors of d?
3, 5, 401
Let a = -1869 - -2030. Let j(i) = i + 65. Let n be j(0). Let r = a - n. What are the prime factors of r?
2, 3
Suppose -2*w = 2*n - 31266, -5645 = -n + 5*w + 9946. What are the prime factors of n?
2, 13, 601
List the prime factors of 5832/20*120/48.
3
Let g(f) = f**3 - 22*f**2 - 48*f + 12. Let p be g(24). Suppose -1995 = 7*h - p*h. List the prime factors of h.
3, 7, 19
Let p = -37464 + 58728. What are the prime factors of p?
2, 3, 443
Suppose -58*t - 47 = -61*t - 5*s, -2*t = 4*s - 28. Let z be (2 - 0)/2*29. Suppose -z*g = -t*g - 165. List the prime factors of g.
3, 11
Let u = -105 + 62. Suppose 11*s + 10 = 1099. Let x = u + s. List the prime factors of x.
2, 7
Suppose -2*z - 2*z = -20. Suppose z*l = 14*l - 45. Suppose g + 3*g + 495 = l*o, 5*o + 5*g - 540 = 0. What are the prime factors of o?
103
Let a(j) = 14*j**2 + j. Let m be a(3). Suppose 9*t + 758 - 1100 = 0. Let v = m - t. What are the prime factors of v?
7, 13
Let t(n) = -12*n**2 + 0*n**3 - 17 + n**3 + 14*n - n. Let b be t(11). Suppose 0 = -b*a - 0*a + 10, 0 = -2*s + 3*a + 56. What are the prime factors of s?
31
Suppose 4*j - 7*d - 38083 = 0, 18*j - 38058 = 14*j + 2*d. List the prime factors of j.
2, 29, 41
Let o(s) = -12*s - 429. Let w be o(0). Let i = 793 + w. List the prime factors of i.
2, 7, 13
Suppose 0 = -q - 3*q + 276. Suppose 5*j - 20 - 5 = 0. Suppose -q - 241 = -j*u. List the prime factors of u.
2, 31
Let a(l) = -10666*l - 878. What are the prime factors of a(-1)?
2, 2447
Suppose 29*y - 50*y - 23*y = -973192. What are the prime factors of y?
2, 11059
Suppose 5*d - z - 46285 = 3*z, 5*z = -d + 9228. List the prime factors of d.
19, 487
What are the prime factors of 106464/42 + 3*(-7)/(-147)?
3, 5, 13
Let p(m) = -m**3 - 70*m**2 + 196*m - 447. What are the prime factors of p(-73)?
2, 7, 11
Let c = -29907 + 41981. List the prime factors of c.
2, 6037
Let i(p) = 5*p**3 + 21*p**2 + 18*p + 21. Let n be i(-6). Let a = n + 734. What are the prime factors of a?
17, 19
Suppose -3*d - 3*x - 573 = 0, -d - 216 = x - 5*x. Let s = -175 - -74. Let p = s - d. What are the prime factors of p?
5, 19
What are the prime factors of (-786336)/(-1008) - 9/((-189)/(-2))?
2, 3, 5, 13
Suppose 3*f - 4*i + 7*i = -1176, 4*f = 3*i - 1596. Let t = 1074 + f. What are the prime factors of t?
2, 3, 113
Suppose -93*c = -119*c + 284362. List the prime factors of c.
10937
Suppose -2*a - 7 = -19. Let i be a + 3 + (-4 - 3). Suppose -i*w - 45 = -7*w. List the prime factors of w.
3
Suppose j + 5*b - b = -13, 0 = -b - 4. What are the prime factors of 4171/j + 17 + (-832)/48?
2, 5, 139
Let r(f) = -3*f**3 + 4*f**2 - 2*f + 2. Let l be r(3). Let z = 35 - l. List the prime factors of (-9)/(3 - z/27).
3
Suppose -n - 1113 + 138 = 5*r, -4*n - 3856 = -2*r. Let b = n - -1406. What are the prime factors of b?
3, 7
Let m(h) = -h**3 - h**2 + h + 640. Let p = 36 - 36. List the prime factors of m(p).
2, 5
List the prime factors of (-37)/((-1110)/(-40))*7188*-2.
2, 599
Let b(h) = -h**3 - 5*h**2 + 11*h + 10. Let o be b(-7). Let t be 4/((-5)/5) + o. List the prime factors of 81/t + (-90)/(-1).
3, 31
Let m = 60 - 55. Suppose o + 16 = -t + m*t, -4 = -4*t + 4*o. List the prime factors of (-1)/t + (-1812)/(-60).
2, 3, 5
Let s be (-48)/(-6)*9 - -7. List the prime factors of ((-1)/1 - -534) + s + -85.
17, 31
Let m = -2458 - -1664. Let q be m/8 + (-57)/76. Let p = q + 172. What are the prime factors of p?
2, 3
Let k(b) = 3633*b**2 - 41*b - 87. List the prime factors of k(-2).
73, 199
Let g(r) = -1193*r - 738. List the prime factors of g(-7).
23, 331
Suppose -34*j + 64239 = -167452 - 114701. List the prime factors of j.
2, 3, 283
Let k(u) be the second derivative of 5*u**3/6 - 8*u**2 - 17*u. Let t be k(4). Suppose q - 31 = 4*d, -3*q + 57 = -t*d - 12. List the prime factors of q.
19
Let o(s) = -2*s + s - 6*s + 3*s**2 - s + 7*s**2 + 58. What are the prime factors of o(7)?
2, 3, 41
Let q(w) = 36*w**2 - 19*w - 91. Let g be q(-6). Let o = -340 + g. List the prime factors of o.
11, 89
Suppose -2*i + 14080 = -2*y, 0 = -5*i - 5*y + 3687 + 31573. List the prime factors of i.
2, 13, 271
Suppose 2*o - 83 = 43. Let s = 66 - o. Suppose -s*d + 374 = w, 0 = -4*d - 5*w + 531 - 14. List the prime factors of d.
3, 41
Suppose -z = -5*x, 8 = -5*x + 3. Let p be ((-2)/(-20)*-4)/(1/z). Suppose -p*q + 30 = -364. List the prime factors of q.
197
Suppose -19 = 5*u - l, 4*u + 4*l + 20 = -0*l. List the prime factors of (2148/(-18))/(u/6).
179
Let q be 13/((-65)/(-2220)) - 0/(-1). Suppose 5*f = 2*o + 8*f - 217, 4*f - q = -4*o. List the prime factors of o.
2, 29
Suppose -29*a = -2*l - 27*a + 17890, 0 = l + 2*a - 8948. List the prime factors of l.
2, 3, 7, 71
Suppose 3*k - 5*f - 34951 = 0, 4*f + 11 = 3. Suppose 31*h = -2006 + k. What are the prime factors of h?
311
Let d = -4634 - -6831. What are the prime factors of d?
13
Let r be (3/2)/(5 + 18/(-4)). Suppose 6*d = d - 2*v + 181, -5*d - r*v + 184 = 0. What are the prime factors of d?
5, 7
Let z(s) = 394*s**3 + 95*s**2 - 181*s - 1. List the prime factors of z(2).
3169
Suppose 6*l - 1609 = 473. Let z be (-1)/2 + (-81)/(-2). Suppose -113 = -q - f - z, 4*f = 5*q - l. List the prime factors of q.
71
What are the prime factors of 4/(-2)*-27 - 3?
3, 17
What are the prime factors of 7 + 5*(-401464)/(-70)?
3, 3187
Let n(v) = v**2 - 9*v + 12. Let b be n(8). Suppose -b*s + 167 = -813. Suppose -3*u - 5*y + s = 0, 4*u + 2*y + y = 323. What are the prime factors of u?
2, 5
Let i be (60/(-75))/((-4)/10). Suppose 22 = -4*h + i. What are the prime factors of ((-486)/21)/(h/35)?
2, 3
Suppose -10 = 20*o - 22*o. Suppose -4*i + 4043 + 3828 = 5*d, -o*d = i - 7874. What are the prime factors of d?
3, 5, 7
Let l = -12 - -11. Let r be -2*l/2 + 4. List the prime factors of r/((-5)/12)*-4.
2, 3
Let y = 20 - 28. Let a be 6/15 - y/(-20). Suppose a = -9*x + 742 - 220. What are the prime factors of x?
2, 29
Let a = -171 + 264. Let m = 62 + a. What are the prime factors of m?
5, 31
Let l(g) = g**3 + 10*g**2 - g - 10. Let c be l(-10). Suppose -5*n + 2*d + 372 = 0, -n + c*n + 5*d = -56. What are the prime factors of n?
2, 19
Let l(p) = 3348*p - 290. What are the prime factors of l(4)?
2, 6551
Let b(f) = -f**3 - 7*f**2 + 6*f + 5. Let v = 80 + -78. Suppose 4*d - 9 = y + v*d, 4*y + 36 = -3*d. List the prime factors of b(y).
113
Let a(b) = b + 18. Let t be a(-11). Suppose 0 = s - t*s + 216. What are the prime factors of s?
2, 3
Suppose -2*b = -5*f + 3*f + 1268, -2532 = -4*f + 3*b. Suppose 7*l - 21*l = -f. Suppose 295 = 3*q + 5*k, q - l = -k + 56. What are the prime factors of q?
3, 5, 7
Suppose 34*g - 74499 = -22139. Suppose v - 2*q - 816 = 0, -g = -2*v + q + 107. List the prime factors of v.
2, 7, 59
Suppose -4*q + 2*q = 4*a - 1730, -a + 1721 = 2*q. Let u = q + -562. What are the prime factors of u?
3, 11
Let u be -1 - (-96)/(-7) - (-32)/(-112). List the prime factors of (-2886)/u - 6/(-10).
193
What are the prime factors of (-12*3/(-3))/(5/15085)?
2, 3, 7, 431
Suppose -2*g + 9 = 3*s, 13 = -g + 6*g - 2*s. Suppose 0*l = 2*l + 3*x - 327, -5*l - g*x + 804 = 0. Let w = l - 102. What are the prime factors of w?
3, 19
Let h = 19600 + -3124. List the prime factors of h.
2, 3, 1373
Let v = -32502 + 67857. What are the prime factors of v?
3, 5, 2357
Let g be 4/8 + (-9)/(-2). Let f(d) = 12*d**2 - 5 + 8*d - 6*d + g*d - d**3. What are the prime factors of f(11)?
193
Let r(o) = -278*o + 1443. List the prime factors of r(-56).
17011
Suppose -27328 + 18764 = -14*j + 34878. List the prime factors of j.
29, 107
What are the prime factors of ((-18)/(-90))/((-2)/70) + 20834?
59, 353
Let o = -86 - -104. Suppose 4*z - 5*k = o, 2*k = -4*z - 3*k - 2. What are the prime factors of 11/66 - (z - (-2518)/(-12))?
2, 13
